= 0. Let s(h) = -6 + 2*h**2 - 5*h - 3*h - h**2. What is the tens digit of s(u)?
1
Let j(b) = -b**2 - 29*b - 28. What is the tens digit of j(-12)?
7
Suppose 14 = 5*s - 2*z + z, -4 = -2*s + 2*z. Suppose -s*j + 20 = j. Suppose -j*m + 28 = -m. What is the units digit of m?
7
Suppose p = -s + 296 - 54, 4*s = -5*p + 1207. What is the hundreds digit of p?
2
Let g(y) = y**3 - 9*y**2 + 5*y - 12. What is the tens digit of g(9)?
3
Suppose -3434 = -4*i - 2*g + 7*g, -4*g = 2*i - 1704. What is the units digit of i/56 + 2/(-7)?
5
Suppose -3*f - 225 = -8*f. What is the units digit of f?
5
Let y = -3 - -6. Let p = y + -2. Let t = p + 7. What is the units digit of t?
8
Let l be 5/2 + (-1)/2. Let q(i) = i + 2. Let o be q(l). Suppose -2*w = o*r - 42, 6*r - r - w - 35 = 0. What is the units digit of r?
8
Let r(l) = -10*l - 5. What is the tens digit of r(-3)?
2
Let i(c) = -c**3 - 22*c**2 - 28*c. What is the hundreds digit of i(-21)?
1
Suppose 2*v + 5*t + 26 = 116, 4*t = 2*v - 72. Suppose -4*n + 5*n + 22 = -5*w, -v = -5*n + 5*w. What is the units digit of n?
3
Let p = 65 - 28. Let y = p - -10. What is the units digit of y?
7
Let x = 11 + -2. What is the units digit of x?
9
Let y(q) = q**2 - 6*q - 4. Let g be y(9). Suppose -g = -5*o + 12. Suppose 2*z = 7 + o. What is the units digit of z?
7
Let b(v) = 19*v. Let r be b(3). Suppose -4*f + r = -59. Let g = f - 18. What is the units digit of g?
1
Let d = -8 - -11. Suppose -4*a + 55 = l, -28 = -a - d*l - 2*l. What is the tens digit of a?
1
Suppose -4*o + 17 + 35 = 0. Let d(a) = a**3 - 14*a**2 + 12*a + 16. Let l be d(o). What is the units digit of ((-6)/9)/(l/(-27))?
6
Let u(o) = -o + 4. Let v be u(0). Let m = v - -1. What is the units digit of m?
5
Let o = 8 + 13. What is the units digit of o?
1
Let g be ((-6)/9)/(1/(-48)). Let t = g + -14. What is the units digit of t?
8
Let f(v) = -8*v - 34. What is the units digit of f(-7)?
2
Let n(t) = -15*t**3 + 2*t**2 - 1. Suppose 3*l - 5*q + 4*q - 41 = 0, 4*q - 18 = -l. Let a be 45/(-35) + 4/l. What is the units digit of n(a)?
6
What is the tens digit of 20 - (-5 + 3 - -1)?
2
Suppose c = 5*c + 428. Let s = -41 - c. Suppose -v - 18 = -a + 2*v, 5*a - 3*v = s. What is the tens digit of a?
1
Let r(b) = -b - 2. Let l be r(-5). What is the units digit of l - 3 - 18/(-1)?
8
Let g be (3/9)/(1/(-3)). Let o = g - -2. Let p(l) = 9*l**2 - 2*l + 1. What is the units digit of p(o)?
8
Let d(o) = -o**2 - 3*o + 2. Let l be d(-3). Suppose -l*k + 11 = 5. What is the units digit of k/(3/7) - -1?
8
Let j(p) = p - 1. Let m(x) = 3*x - 1. Let d(t) = 4*j(t) - m(t). Let r be d(7). Let f(q) = -q**2 + 5*q - 2. What is the units digit of f(r)?
2
Suppose -5*j + 3*s = -0*j - 12, -s + 16 = 5*j. Let c(d) = d + 3 + 2 + 1 - 5. What is the units digit of c(j)?
4
Suppose 2*r = 3*r + 1. What is the units digit of 1 + 1 - 1/r?
3
Let h(s) = 3 + 3 + 3*s - 2*s**3 - 2*s**2 - 3. Suppose -12 + 2 = 5*c. What is the units digit of h(c)?
5
Suppose 28 = 5*q - 2. Let f = q - -16. What is the tens digit of f?
2
Let v = -15 - -12. Let q(f) = f**2 - f - 2. Let o be q(-2). Let p = o + v. What is the units digit of p?
1
Let b be (-2 + 5)/((-6)/(-4)). Suppose -t = 3*t + 2*l - 96, -2*t + 44 = b*l. What is the units digit of t?
6
Let v(z) = z + 12. Let s be v(-8). Suppose -162 = -2*j - s*j. What is the units digit of j?
7
Suppose 8 + 11 = o. Let s = o + 0. What is the tens digit of s?
1
Let i be 19 + (0 + -1)*1. Let z = 5 + 0. Suppose -4*t + 31 = -z*u, 2*t + t - 2*u = i. What is the units digit of t?
4
Let q(r) = -r**3 + 2*r**2 + 6*r. What is the units digit of q(-3)?
7
Let p(f) = 7*f**3 - 2*f**2 + f. What is the units digit of p(1)?
6
Let l(a) = -28*a - 37. What is the units digit of l(-8)?
7
Let r(d) = -d**2 - d. Let b be r(-1). Suppose -5*f = b, 0 = 5*h - 6*f + f - 10. Suppose 2 = -3*t - 10, -3*j - h*t = -34. What is the units digit of j?
4
Suppose 0 = f - 3*f + 16. Suppose 2*m = 2*j - 3*m + f, -3*j = -2*m - 10. What is the units digit of j?
6
Let c = -9 + 15. Let h(m) = -m**3 + 7*m**2 - 8*m - 1. Let u be h(c). Let d(g) = -g**2 - 12*g + 19. What is the units digit of d(u)?
6
Let j(b) = -b**3 - 5*b**2 - 3*b + 3. Let d be j(-3). Let y(h) = h**2 + 6*h + 6. Let l be y(d). Suppose 3*t - l = 2*t. What is the units digit of t?
6
Let j(r) = -3*r**2 - 3*r - 2. Let y be j(-4). Let o = y - -20. What is the units digit of (o/30)/((-1)/5)?
3
Let h be (-5 - -3)/((-1)/17). Let z = h - 19. What is the tens digit of z?
1
Let r be -5*(-12)/15*1. Suppose -15 = 5*c, r*d + 4*c - 3 = c. Suppose 2*k + d = 5. What is the units digit of k?
1
Suppose 3*y - 2*r = 21, y - 1 - 1 = -r. Suppose -16 = -4*w, 0*w + 65 = 3*d + y*w. What is the units digit of d?
5
What is the units digit of 27 + (-2 - 1) - -1?
5
Suppose -2*k - 6 + 14 = 0. Suppose a - k = 3. Suppose 2*q - 16 = -4*d, 3*d + 5*q - a = 5. What is the units digit of d?
4
Let r(s) = 14*s + 12. What is the tens digit of r(4)?
6
Let a(j) = j**3 + j. Let q be 6/4 - 1/(-2). Let n = q - 1. What is the units digit of a(n)?
2
Let t = -9 - -7. What is the tens digit of (30 - 0) + t + -1?
2
Suppose 2*q - 5*y = -1869, q - 3724 = 5*q + 4*y. What is the units digit of q/(-18) + (-32)/(-144)?
2
Suppose -12 = -0*g - 3*g. Suppose -3*q + g*q - 9 = 0. Let u = 13 - q. What is the units digit of u?
4
Let v = -7 + 34. Let p be -12 + 11 - 8/1. Let j = p + v. What is the tens digit of j?
1
Suppose 2*o - 3*m - 8 = 9, -2 = 2*m. Let s(p) = -p + 8 - p + p. What is the units digit of s(o)?
1
Let d(b) = -b**2 + 1. Let j(g) = -5*g**2 - 10*g + 12. Let v(x) = -4*d(x) + j(x). Let t be v(-8). Suppose y + t = 3*y. What is the tens digit of y?
1
Suppose -4*g = -3*g - 3. Suppose -g*t = o + 6, o + 5*t - 10 = -4*o. What is the units digit of o?
6
Suppose 2*o = -2*o + 4. Let n = o - -4. What is the units digit of n?
5
Let b = -4 + 7. Suppose 0 = -h - b*h + 4. What is the units digit of h?
1
Suppose -7*l = -2*l + 10. What is the units digit of -4 - (-6 + 3) - l?
1
Suppose 0 = -3*y - 4*w + 41, w = -2*y - 2*w + 27. What is the units digit of y?
5
Let i = -4 + 6. Suppose -i*j = -j - 15. What is the tens digit of j?
1
What is the hundreds digit of -1 - 0 - -198 - (27 + -28)?
1
Suppose -w = 2*i + 1, 4*w = 4*i - 5*i + 17. Let p = i - -5. Suppose -3*h + 4*h = p. What is the units digit of h?
2
Suppose -3*w = -4*w + 2. Suppose -d = 2*d - 12, -w*d = -q + 18. What is the tens digit of q?
2
Suppose -h - h = -196. Suppose -4*v + n = -0*n - 123, -5*n + h = 3*v. What is the units digit of v?
1
Let g = 1 - -1. What is the tens digit of 0 + 2 - (-11 - g)?
1
Suppose -r = -6*g + 3*g + 13, 0 = 3*r + 3*g - 21. Suppose 12 = 2*p - 2*x + r, p + 5*x - 11 = 0. Suppose 2*j - j = p. What is the units digit of j?
6
Let i(p) = -p**2 - 14*p - 31. What is the units digit of i(-10)?
9
Let x(v) = -3*v**2 + 2*v**2 - 6*v + 16*v + 12 - 3. Let y be x(7). Suppose 4*a + 10 - y = 0. What is the units digit of a?
5
What is the units digit of 9/2*(-10)/(-3)?
5
What is the units digit of 1/2*-2 - -5?
4
Suppose -3*a + 2 = -70. What is the units digit of a?
4
Let h(t) = 2*t**3 + 2*t**2 - 2*t + 2 + 0*t - t**3. Let v be h(-3). Let f(o) = -9*o - 1. What is the units digit of f(v)?
8
Suppose -x + 6*x + 95 = 0. Let p = 33 + x. What is the tens digit of p?
1
Let o(b) = 9*b**2 - b - 2. Let g be o(2). What is the units digit of 2/16 + 252/g?
8
Suppose -2*y - 22 = 4*j, j = 2*y + 2*y - 1. What is the tens digit of (y + 4)*(7 - 3)?
1
Suppose -3*c - 2 - 1 = 3*t, -5*c + 1 = 4*t. Let f(o) = o + 7. What is the units digit of f(t)?
1
Let k = 70 - 36. Suppose -k = -3*w + w. What is the tens digit of w?
1
Suppose -t - 6 + 29 = 0. What is the tens digit of t?
2
Suppose 0 = -2*o - o + 6. Suppose 0 = -o*n - 20 - 30. Let l = n - -38. What is the tens digit of l?
1
Suppose w + 13 = 11. What is the units digit of (w + (3 - 20))/(-1)?
9
Let i(m) = m**3 - 5*m**2 + 1. Let h(n) = n**3 - 6*n**2 + 5*n + 5. Let u be h(5). What is the units digit of i(u)?
1
Let p(b) = -9*b + 2. What is the units digit of p(-4)?
8
Let h = 50 + 55. Suppose v = 4*v - h. Suppose v = t + 4*t. What is the units digit of t?
7
Suppose 0*a - 2*a = 4*z - 36, 0 = 4*z + a - 32. Let w(c) be the second derivative of -c**4/12 + 5*c**3/3 - 5*c**2 + c. What is the units digit of w(z)?
1
What is the tens digit of 43 - (3 + 0)/(-3)?
4
Suppose 0 = -6*v + 3*